{"id":3635,"date":"2023-08-08T13:55:02","date_gmt":"2023-08-08T18:55:02","guid":{"rendered":"https:\/\/oferteya.com\/tienda\/?post_type=product&#038;p=3635"},"modified":"2025-11-18T12:19:42","modified_gmt":"2025-11-18T17:19:42","slug":"asistente-virtual-amazon-echo-show-8-pantalla-integrada-con-alexa-blanco","status":"publish","type":"product","link":"https:\/\/oferteya.com\/tienda\/producto\/asistente-virtual-amazon-echo-show-8-pantalla-integrada-con-alexa-blanco\/","title":{"rendered":"Echo Show 5 3 Generaci\u00f3n, Versi\u00f3n Color Glacier White"},"content":{"rendered":"<h2 class=\"ui-pdp-description__title\">Descripci\u00f3n<\/h2>\n<p class=\"ui-pdp-description__content\">Introducimos el Echo Show 5 de tercera generaci\u00f3n, una revoluci\u00f3n en el mundo de los asistentes virtuales. Este dispositivo, de la reconocida marca Amazon, viene en un elegante color Glacier White que se adapta a cualquier decoraci\u00f3n. Su dise\u00f1o compacto y moderno lo convierte en el complemento perfecto para cualquier habitaci\u00f3n de tu hogar u oficina.<\/p>\n<p>El Echo Show 5 es m\u00e1s que un simple asistente virtual, es tu compa\u00f1ero diario. Con Alexa a bordo, puedes pedirle que te muestre las noticias, el pron\u00f3stico del tiempo, controlar tus dispositivos inteligentes, e incluso hacer videollamadas. Todo esto con solo usar tu voz, haciendo tu vida m\u00e1s f\u00e1cil y c\u00f3moda.<\/p>\n<p>Este dispositivo no solo es inteligente, sino que tambi\u00e9n ofrece una calidad de sonido excepcional. Con sonido de 360 grados, disfrutar\u00e1s de una experiencia de audio envolvente, perfecta para escuchar tu m\u00fasica favorita o para hacer llamadas con una claridad impresionante. Adem\u00e1s, gracias a su conexi\u00f3n Wi-Fi, puedes acceder a una amplia gama de servicios y aplicaciones en l\u00ednea.<\/p>\n<p>El Echo Show 5 est\u00e1 dise\u00f1ado para entender y hablar espa\u00f1ol, lo que lo hace ideal para todos los hogares en Chile. Ya sea que necesites ayuda para organizar tu d\u00eda, recordar una receta o simplemente quieres escuchar tu canci\u00f3n favorita, el Echo Show 5 est\u00e1 listo para ayudarte. Convierte tu hogar en un espacio m\u00e1s inteligente y moderno con el Echo Show 5 de Amazon.<\/p>\n<p>Garant\u00eda del vendedor: 6 meses<\/p>\n<h2 class=\"ui-pdp-description__title\">Caracter\u00edsticas Principales<\/h2>\n<p><img data-recalc-dims=\"1\" decoding=\"async\" class=\"\" src=\"https:\/\/i0.wp.com\/oferteya.com\/intranet\/imagenes\/iconos\/bluetooth.png?ssl=1\" \/> Bluetooth. <img data-recalc-dims=\"1\" decoding=\"async\" class=\"\" src=\"https:\/\/i0.wp.com\/oferteya.com\/intranet\/imagenes\/iconos\/inalambrico.png?ssl=1\" \/> WiFi.<br \/>\n<img data-recalc-dims=\"1\" decoding=\"async\" class=\"\" src=\"https:\/\/i0.wp.com\/oferteya.com\/intranet\/imagenes\/iconos\/tamano_pantalla_H.png?ssl=1\" \/> Pantalla 8&#8243; <img data-recalc-dims=\"1\" decoding=\"async\" class=\"\" src=\"https:\/\/i0.wp.com\/oferteya.com\/intranet\/imagenes\/iconos\/pantalla_tactil.png?ssl=1\" \/> Pantalla T\u00e1ctil.<br \/>\n<img data-recalc-dims=\"1\" decoding=\"async\" class=\"\" src=\"https:\/\/i0.wp.com\/oferteya.com\/intranet\/imagenes\/iconos\/tipo_de_parlante.png?ssl=1\" \/> 30w, Audio Multi-room.<br \/>\n<img data-recalc-dims=\"1\" decoding=\"async\" class=\"\" src=\"https:\/\/i0.wp.com\/oferteya.com\/intranet\/imagenes\/iconos\/comando_voz.png?ssl=1\" \/> Asistente Virtual Alexa.<br \/>\n<img data-recalc-dims=\"1\" decoding=\"async\" class=\"\" src=\"https:\/\/i0.wp.com\/oferteya.com\/intranet\/imagenes\/iconos\/color.png?ssl=1\" \/> Glacier White<br \/>\n<img class=\"\" \/><\/p>\n<h2 class=\"ui-pdp-description__title\">Generalidades<\/h2>\n<table>\n<tbody>\n<tr class=\"\">\n<th>Marca<\/th>\n<td>Amazon<\/td>\n<\/tr>\n<tr class=\"\">\n<th class=\"\">Modelo<\/th>\n<td class=\"\">Echo Show 5 3 Generaci\u00f3<\/td>\n<\/tr>\n<tr class=\"\">\n<th class=\"\">C\u00e1mara<\/th>\n<td class=\"\">Si<\/td>\n<\/tr>\n<tr class=\"\">\n<th class=\"\">Display digital<\/th>\n<td class=\"\">Si<\/td>\n<\/tr>\n<tr class=\"\">\n<th class=\"\">Tipos de alimentaci\u00f3n<\/th>\n<td class=\"\">Corriente el\u00e9ctrica 110V\/240V<\/td>\n<\/tr>\n<\/tbody>\n<\/table>\n<h2 class=\"ui-pdp-description__title\">Otros Datos<\/h2>\n<ul>\n<li class=\"ui-vpp-highlighted-specs__features-list-item ui-pdp-color--BLACK ui-pdp-size--XSMALL ui-pdp-family--REGULAR\">Opci\u00f3n de sistema de audio multi-room.<\/li>\n<li class=\"ui-vpp-highlighted-specs__features-list-item ui-pdp-color--BLACK ui-pdp-size--XSMALL ui-pdp-family--REGULAR\">Conexi\u00f3n wifi y bluetooth.<\/li>\n<li class=\"ui-vpp-highlighted-specs__features-list-item ui-pdp-color--BLACK ui-pdp-size--XSMALL ui-pdp-family--REGULAR\">Funciona en espa\u00f1ol.<\/li>\n<li class=\"ui-vpp-highlighted-specs__features-list-item ui-pdp-color--BLACK ui-pdp-size--XSMALL ui-pdp-family--REGULAR\">Pantalla digital t\u00e1ctil de 5.5&#8243;.<\/li>\n<li class=\"ui-vpp-highlighted-specs__features-list-item ui-pdp-color--BLACK ui-pdp-size--XSMALL ui-pdp-family--REGULAR\">Compatible con: Android 6.0, Fire OS 5.3.3, iOS 11.0.<\/li>\n<\/ul>\n<ul>\n<li>Sonido\n<ul>\n<li>Potencia: 30 W<\/li>\n<li>Radiofrecuencia: Dual band<\/li>\n<li>Con sistema de audio multi-room: S\u00ed<\/li>\n<\/ul>\n<\/li>\n<li>Peso y dimensiones\n<ul>\n<li>Profundidad: 73 mm<\/li>\n<li>Altura: 86 mm<\/li>\n<li>Ancho: 148 mm<\/li>\n<li>Peso: 410 g<\/li>\n<\/ul>\n<\/li>\n<\/ul>\n<p>&nbsp;<\/p>\n<p>&nbsp;<\/p>\n","protected":false},"excerpt":{"rendered":"<p><img decoding=\"async\" class=\"\" src=\"https:\/\/oferteya.com\/intranet\/imagenes\/iconos\/bluetooth.png\" \/> Si. <img decoding=\"async\" class=\"\" src=\"https:\/\/oferteya.com\/intranet\/imagenes\/iconos\/inalambrico.png\" \/> Si.<br \/>\n<img decoding=\"async\" class=\"\" src=\"https:\/\/oferteya.com\/intranet\/imagenes\/iconos\/tamano_pantalla_H.png\" \/> 8&#8243;. <img decoding=\"async\" class=\"\" src=\"https:\/\/oferteya.com\/intranet\/imagenes\/iconos\/pantalla_tactil.png\" \/> T\u00e1ctil.<br \/>\n<img decoding=\"async\" class=\"\" src=\"https:\/\/oferteya.com\/intranet\/imagenes\/iconos\/tipo_de_parlante.png\" \/> 30w, Multi-room.<br \/>\n<img decoding=\"async\" class=\"\" src=\"https:\/\/oferteya.com\/intranet\/imagenes\/iconos\/comando_voz.png\" \/> Alexa.<br \/>\n<img decoding=\"async\" class=\"\" src=\"https:\/\/oferteya.com\/intranet\/imagenes\/iconos\/color.png\" \/> Blanco.<br \/>\n<img class=\"\" \/><\/p>\n","protected":false},"featured_media":4474,"comment_status":"open","ping_status":"closed","template":"","meta":{"_acf_changed":false,"_uag_custom_page_level_css":"","_monsterinsights_skip_tracking":false,"_monsterinsights_sitenote_active":false,"_monsterinsights_sitenote_note":"","_monsterinsights_sitenote_category":0,"site-sidebar-layout":"default","site-content-layout":"default","ast-site-content-layout":"default","site-content-style":"default","site-sidebar-style":"default","ast-global-header-display":"","ast-banner-title-visibility":"","ast-main-header-display":"","ast-hfb-above-header-display":"","ast-hfb-below-header-display":"","ast-hfb-mobile-header-display":"","site-post-title":"","ast-breadcrumbs-content":"","ast-featured-img":"","footer-sml-layout":"","theme-transparent-header-meta":"default","adv-header-id-meta":"","stick-header-meta":"","header-above-stick-meta":"","header-main-stick-meta":"","header-below-stick-meta":"","astra-migrate-meta-layouts":"set","ast-page-background-enabled":"default","ast-page-background-meta":{"desktop":{"background-color":"","background-image":"","background-repeat":"repeat","background-position":"center center","background-size":"auto","background-attachment":"scroll","background-type":"","background-media":"","overlay-type":"","overlay-color":"","overlay-opacity":"","overlay-gradient":""},"tablet":{"background-color":"","background-image":"","background-repeat":"repeat","background-position":"center center","background-size":"auto","background-attachment":"scroll","background-type":"","background-media":"","overlay-type":"","overlay-color":"","overlay-opacity":"","overlay-gradient":""},"mobile":{"background-color":"","background-image":"","background-repeat":"repeat","background-position":"center center","background-size":"auto","background-attachment":"scroll","background-type":"","background-media":"","overlay-type":"","overlay-color":"","overlay-opacity":"","overlay-gradient":""}},"ast-content-background-meta":{"desktop":{"background-color":"var(--ast-global-color-5)","background-image":"","background-repeat":"repeat","background-position":"center center","background-size":"auto","background-attachment":"scroll","background-type":"","background-media":"","overlay-type":"","overlay-color":"","overlay-opacity":"","overlay-gradient":""},"tablet":{"background-color":"var(--ast-global-color-5)","background-image":"","background-repeat":"repeat","background-position":"center center","background-size":"auto","background-attachment":"scroll","background-type":"","background-media":"","overlay-type":"","overlay-color":"","overlay-opacity":"","overlay-gradient":""},"mobile":{"background-color":"var(--ast-global-color-5)","background-image":"","background-repeat":"repeat","background-position":"center center","background-size":"auto","background-attachment":"scroll","background-type":"","background-media":"","overlay-type":"","overlay-color":"","overlay-opacity":"","overlay-gradient":""}}},"product_brand":[],"product_cat":[37,60,142,141],"product_tag":[93,86,92,172,173,174],"class_list":{"0":"post-3635","1":"product","2":"type-product","3":"status-publish","4":"has-post-thumbnail","6":"product_cat-amazon","7":"product_cat-asistentes-virtuales","8":"product_cat-catalogo","9":"product_cat-destacados_inicio","10":"product_tag-alexa","11":"product_tag-amazon","12":"product_tag-asistente-virtual","13":"product_tag-asistente-virtual-amazon-echo-show-8-pantalla-integrada-con-alexa-arenizca-sandstone","14":"product_tag-echo-show","15":"product_tag-echo-show-8","16":"desktop-align-left","17":"tablet-align-left","18":"mobile-align-left","20":"first","21":"instock","22":"shipping-taxable","23":"purchasable","24":"product-type-simple"},"acf":[],"uagb_featured_image_src":{"full":["https:\/\/i0.wp.com\/oferteya.com\/tienda\/wp-content\/uploads\/2023\/08\/D_NQ_NP_2X_723240-MCO93054153482_092025-F.webp?fit=1175%2C846&ssl=1",1175,846,false],"thumbnail":["https:\/\/i0.wp.com\/oferteya.com\/tienda\/wp-content\/uploads\/2023\/08\/D_NQ_NP_2X_723240-MCO93054153482_092025-F.webp?resize=150%2C150&ssl=1",150,150,true],"medium":["https:\/\/i0.wp.com\/oferteya.com\/tienda\/wp-content\/uploads\/2023\/08\/D_NQ_NP_2X_723240-MCO93054153482_092025-F.webp?fit=300%2C216&ssl=1",300,216,true],"medium_large":["https:\/\/i0.wp.com\/oferteya.com\/tienda\/wp-content\/uploads\/2023\/08\/D_NQ_NP_2X_723240-MCO93054153482_092025-F.webp?fit=768%2C553&ssl=1",768,553,true],"large":["https:\/\/i0.wp.com\/oferteya.com\/tienda\/wp-content\/uploads\/2023\/08\/D_NQ_NP_2X_723240-MCO93054153482_092025-F.webp?fit=1024%2C737&ssl=1",1024,737,true],"1536x1536":["https:\/\/i0.wp.com\/oferteya.com\/tienda\/wp-content\/uploads\/2023\/08\/D_NQ_NP_2X_723240-MCO93054153482_092025-F.webp?fit=1175%2C846&ssl=1",1175,846,true],"2048x2048":["https:\/\/i0.wp.com\/oferteya.com\/tienda\/wp-content\/uploads\/2023\/08\/D_NQ_NP_2X_723240-MCO93054153482_092025-F.webp?fit=1175%2C846&ssl=1",1175,846,true],"woocommerce_thumbnail":["https:\/\/i0.wp.com\/oferteya.com\/tienda\/wp-content\/uploads\/2023\/08\/D_NQ_NP_2X_723240-MCO93054153482_092025-F.webp?resize=300%2C300&ssl=1",300,300,true],"woocommerce_single":["https:\/\/i0.wp.com\/oferteya.com\/tienda\/wp-content\/uploads\/2023\/08\/D_NQ_NP_2X_723240-MCO93054153482_092025-F.webp?fit=600%2C432&ssl=1",600,432,true],"woocommerce_gallery_thumbnail":["https:\/\/i0.wp.com\/oferteya.com\/tienda\/wp-content\/uploads\/2023\/08\/D_NQ_NP_2X_723240-MCO93054153482_092025-F.webp?resize=100%2C100&ssl=1",100,100,true],"dgwt-wcas-product-suggestion":["https:\/\/i0.wp.com\/oferteya.com\/tienda\/wp-content\/uploads\/2023\/08\/D_NQ_NP_2X_723240-MCO93054153482_092025-F.webp?fit=64%2C46&ssl=1",64,46,true]},"uagb_author_info":{"display_name":"soporteoferteya","author_link":"https:\/\/oferteya.com\/tienda\/author\/"},"uagb_comment_info":0,"uagb_excerpt":"Si. Si. 8\". T\u00e1ctil. 30w, Multi-room. Alexa. Blanco.","jetpack-related-posts":[],"jetpack_sharing_enabled":true,"_links":{"self":[{"href":"https:\/\/oferteya.com\/tienda\/wp-json\/wp\/v2\/product\/3635","targetHints":{"allow":["GET"]}}],"collection":[{"href":"https:\/\/oferteya.com\/tienda\/wp-json\/wp\/v2\/product"}],"about":[{"href":"https:\/\/oferteya.com\/tienda\/wp-json\/wp\/v2\/types\/product"}],"replies":[{"embeddable":true,"href":"https:\/\/oferteya.com\/tienda\/wp-json\/wp\/v2\/comments?post=3635"}],"wp:featuredmedia":[{"embeddable":true,"href":"https:\/\/oferteya.com\/tienda\/wp-json\/wp\/v2\/media\/4474"}],"wp:attachment":[{"href":"https:\/\/oferteya.com\/tienda\/wp-json\/wp\/v2\/media?parent=3635"}],"wp:term":[{"taxonomy":"product_brand","embeddable":true,"href":"https:\/\/oferteya.com\/tienda\/wp-json\/wp\/v2\/product_brand?post=3635"},{"taxonomy":"product_cat","embeddable":true,"href":"https:\/\/oferteya.com\/tienda\/wp-json\/wp\/v2\/product_cat?post=3635"},{"taxonomy":"product_tag","embeddable":true,"href":"https:\/\/oferteya.com\/tienda\/wp-json\/wp\/v2\/product_tag?post=3635"}],"curies":[{"name":"wp","href":"https:\/\/api.w.org\/{rel}","templated":true}]}}